 + 0))?
2
What is (2 - -8 - 5) + -9?
-4
What is (7 - -3) + (-6 - 4)?
0
Calculate -13 - -22 - (1 + 2).
6
Calculate 0 - 10 - (-8 + 2).
-4
(9 + -1 - -2) + -7
3
What is the value of (-3 - 11) + 38 + -30?
-6
Evaluate (-2 - 1) + -1 - (-52 - -46).
2
What is the value of (5 + -2 - -4) + -10?
-3
Calculate -5 + (-6 - -8) - -2.
-1
What is the value of 8 + -2 - (-4 + 5)?
5
Evaluate -112 + 112 + (5 - 0).
5
What is the value of 3 - (-3 - (4 - 11))?
-1
-1 + 4 - (2 + -6 - -7)
0
Evaluate 1 - (2 + 2 - 1).
-2
Calculate (6 - 0) + -8 + -1 + 4.
1
9 - 9 - (2 + 3)
-5
0 - (-9 - -6) - 5
-2
What is (4 - 0) + (-1 - (-13 - -14))?
2
What is (3 - (-2 - (-4 - 2))) + 6?
5
Evaluate -8 + 3 + -2 - -12.
5
Calculate -1 + 7 - (7 - -5).
-6
Evaluate -3 - (-4 + (3 - (1 + 0))).
-1
6 + -6 + 4 + -1
3
0 + (-3 - (-3 + 5 + -3))
-2
What is -1 + (2 - 1) + (-24 - -19)?
-5
Evaluate 5 - (7 + (2 - 7)).
3
Evaluate -16 + 12 - 2 - -1.
-5
Evaluate 2 + (5 - (2 - 0) - 2).
3
What is 9 + (-8 - -6) + -6 + 3?
4
-3 + 8 + (-7 - -5)
3
Evaluate (-36 - -41) + -9 + -3.
-7
Evaluate 19 - 25 - (-6 + 3).
-3
What is the value of 2 - 9 - (-60 - -58)?
-5
What is 8 + -2 - (-8 - -3 - -15)?
-4
What is the value of 4 - 1 - (-17 - (-15 - -1))?
6
What is -12 + 6 + 4 - -3?
1
Evaluate (-4 + 1 - -10) + -7.
0
What is -1 + -6 + 1 - (-106 + 89)?
11
What is 17 + -13 + -11 + 11?
4
Evaluate 3 + (7 - 4) - (-4 - -8).
2
What is 3 + -8 + -1 + -4?
-10
2 - -1 - (-2 + 1 + 5)
-1
What is the value of -2 - -2 - (-3 + (0 - -6))?
-3
Evaluate -8 + (9 - 6) + 5.
0
Calculate -6 - (-16 - (4 - 10)).
4
5 + 0 + 4 + -3
6
What is -2 + -2 + (7 - -5) - 1?
7
What is 0 + -6 + (-1 - -4)?
-3
Calculate 17 + -12 + -19 + 13.
-1
(3 - 8) + 23 + 5 + -16
7
-41 - -36 - ((1 - 3) + -1)
-2
What is (2 - -1) + (1 - -1)?
5
Evaluate 2 + -1 - 0 - 0.
1
What is the value of (-3 + 1 - (4 + -2)) + 2?
-2
(20 - 10) + (-6 - -1)
5
2 - (8 - (1 + 2)) - -3
0
What is the value of -7 - (-6 - (-3 - 0))?
-4
Evaluate 2 + (1 - 1) + (-1 - -1).
2
What is 24 - 17 - (4 - 0)?
3
Calculate -2 + -6 - -5 - -8.
5
What is the value of (-106 - -111) + (-2 - (-1 + -1))?
5
What is the value of 2 + -9 + (0 - -3) + 8?
4
Calculate 9 + (-12 - (-12 + 5)).
4
-7 - (0 + 2 - 5)
-4
Calculate 7 + (-15 - 3) + 2 - -1.
-8
-7 + 2 + 0 - -4
-1
Evaluate 9 + -5 + (2 - (8 + -2)).
0
What is (-1 - 1) + (19 - 18)?
-1
Evaluate (6 - 5) + (-2 - 0).
-1
What is 1 + (10 + 6 - 9)?
8
What is the value of (-7 - -18 - 5) + (3 - 8)?
1
What is (5 - (-1 - -7)) + -3 - 2?
-6
Calculate (11 - 5) + -6 - (0 + -1).
1
What is 11 + (-6 - 5) + (6 - -1)?
7
Evaluate (11 - 7) + -5 - -2.
1
What is 8 + -2 - (18 + -15)?
3
20 - 14 - ((-3 - 0) + 14)
-5
1 + (-1 - 0 - 5)
-5
Evaluate -5 + 5 + 3 + -3.
0
2 + (-3 + 3 - (4 - 2))
0
What is the value of 13 + (11 + -4 - 15)?
5
What is the value of -4 - (-3 - 1) - 4?
-4
What is the value of 0 - -1 - ((7 - 20) + 10)?
4
What is the value of -6 - (-1 - (1 - -1))?
-3
What is the value of 1 - 2 - (19 - 15)?
-5
What is 0 + (-4 - 2 - -5) + 8?
7
What is (-6 + 1 - -2) + -2?
-5
Evaluate -8 + 8 - 5 - 3.
-8
What is the value of (0 - (1 + -1 + -3)) + -2?
1
-5 + 3 + (-5 - -4)
-3
What is the value of (-2 - 0 - -7 - 0) + -2?
3
(-2 + 1 - -7) + 203 + -204
5
Calculate 10 - (2 - -15 - 2).
-5
What is the value of -2 - (1 + (-3 - 1) + 0)?
1
What is 6 + (2 + 7 - 6)?
9
What is 20 + -24 + -1 + 5?
0
Evaluate 2 + -4 + (1 - (4 + -5)).
0
Calculate -4 - (2 - (-4 + 3) - 6).
-1
Evaluate -2 + (0 - -2) + (-12 - -16).
4
Calculate -2 + 5 + -20 + 12.
-5
Calculate 2 + -2 + (4 - 0) - -1.
5
-86 + 76 + -2 + 11
-1
Calculate 11 + (3 - 10) + -3.
1
(-4 + 4 - -11) + -8 + 1
4
What is the value of (-1 - (-4 - -2)) + -3?
-2
Calculate -3 + 4 + (0 - 3) + 3.
1
Evaluate -3 + (-4 - 4 - (-6 - -3)).
-8
42 - 44 - (1 - 0)
-3
Calculate (-1 - (1 - 6)) + 0.
4
-15 + 22 - (6 + 3)
-2
Calculate 31 - 36 - ((-3 - 6) + 4).
0
Evaluate -9 - (4 + -1) - -4.
-8
(7 - -4) + -5 - 3
3
Calculate -3 + 2 - (2 + -5).
2
Evaluate -1 + 4 + (0 - -2).
5
What is 2 + (-2 + -3 - 7)?
-10
What is -15 + 19 + 3 + -11?
-4
Evaluate -8 + (-14 - -24) - 10.
-8
Calculate -4 - (3 - 11 - -10).
-6
Calculate 0 + (0 - 1) - (57 + -52).
-6
-1 + -4 - -1 - -9 - 1
4
What is -5 - -14 - (9 - -1)?
-1
Calculate -2 + 0 + 4 + (14 - 20).
-4
What is 11 + (-11 - -5) - 4?
1
What is the value of 1 - (24 + -18 - (2 - 1))?
-4
What is (-12 - -4 - -1) + 4?
-3
What is -1 - (-1 + 11 + -6)?
-5
Evaluate 8 + (-1 - (4 - -1)).
2
What is -7 + (6 - (6 - 6)) + -4?
-5
What is (-3 - (5 - (5 + 4))) + 1?
2
Calculate 3 - (0 - (4 + -5 + -1)).
1
Evaluate -7 + 15 + -7 - -4.
5
What is (-6 - (-8 - -1)) + -5?
-4
-7 - (8 + 2 + -15 - 3)
1
5 - (-2 + 5 - -5)
-3
Calculate -16 + 17 + -9 + 4.
-4
Calculate 8 - (4 - 4) - (-12 + 13).
7
What is the value of -12 - (2 + (4 - 2) + -10)?
-6
What is 4 + -1 + -5 + 4?
2
(3 - (9 - 6)) + 4
4
What is -12 - (12 - 17 - 5)?
-2
0 - (-1 + 4 + -6)
3
Calculate 0 + -4 + 5 + -1.
0
Evaluate (2 - 2) + -18 + 16.
-2
Evaluate -9 + (18 - 10) - -4.
3
-2 - (4 + 2) - -2 - -4
-2
Calculate (0 - 5) + 4 - 3.
-4
Evaluate -4 + -2 + 5 - (-3 + 2).
0
2 - (-1 - -1 - -8)
-6
What is 2 + 0 + 0 + 1?
3
-8 + 10 + -9 + 2
-5
What is the value of -3 + (0 - -2) + -1?
-2
Evaluate -8 + 4 + 2 - (-7 + 8).
-3
What is the value of 3 + 3 + 0 + -1?
5
What is the value of 4 + -15 + 5 - 0?
-6
What is the value of (3 - (2 + -2)) + -3 - 2?
-2
What is -6 - -4 - (-1 + 1)?
-2
What is -3 + -3 + 3 + 3 - 4?
-4
-4 + 6 + 4 - (0 + 3)
3
What is 0 + 7 + 0 + 3 + -10?
0
What is the value of 3 - ((2 - 0) + -6 + 8)?
-1
What is -3 + 7 + -8 + -1?
-5
1 + -2 + (1 - -3) + -5
-2
Evaluate -7 - (0 - 2 - 0).
-5
Calculate 1 + 5 + (-7 - (-2 + -2)).
3
1 + 3 + -76 + 77
5
Calculate 4 - ((0 - (0 + 0)) + 2).
2
-1 - (3 + -4 - 0 - 5)
5
Evaluate -1 + -2 + -13 + 7 + 10.
1
What is -1 + 2 - (-33 + 34)?
0
What is the value of 11 - (4 + -4) - 4?
7
What is the value of 1 + 17 - (55 + -47)?
10
What is the value of 8 - (4 + 9 + -7 + 2)?
0
What is -3 + -12 + 10 + (1 - 5)?
-9
2 - (-4 + 8) - (-3 - 1)
2
What is (-1 - -5 - 1) + 2 + -2?
3
What is 14 + -6 + -8 - -5?
5
3 + -5 + 3 - 0
1
What is the value of -1 - (7 + (-2 - 2) - 1)?
-3
2 + -3 - (5 + -13)
7
What is the value of -9 + 8 + (4 - -2)?
5
Calculate 3 + (5 - 3) + 1.
6
Calculate 1 - (-2 + -1) - (14 - 16).
6
What is 2 + (-11 - (-9 - 11))?
11
Calculate -2 - (-10 + 8 + 2).
-2
Calculate -6 + 1 + 2 + -1.
-4
Evaluate 13 + 0 + 0 + -17 + 11.
7
Calculate (3 + -19 - -7) + 4.
-5
-6 + 15 - (25 - 11)
-5
Evaluate (-10 + 6 - 2) + 5.
-1
Calculate (-4 - (-3 + -11)) + -5.
5
What is -5 + 8 + (11 - 12)?
2
Evaluate -2 - (4 - 11 - -5).
0
Evaluate 5 + -3 + (-2 - (-2 - -2)).
0
What is -6 - (7 - 1 - 11) - -6?
5
(13 - (-2 - -7)) + -4
4
Evaluate 0 + -10 + (-4 - (-1 + -6)).
-7
Calculate 2 - (1 + (1 - 0)).
0
Calculate 9 + 0 - (58 - 52) - -2.
5
What is 0 + (1 - 2 - (13 + -9))?
-5
Evaluate (-2 - 3) + 22 + -14.
3
What is the value of 0 - (16 - (-8 + 18))?
-6
What is the value of -7 + (-1 - (-2 - 3) - 2)?
-5
What is the value of (-5 - 5) + (-5 - -8) - -11?
4
50 + -50 + (1 - -1) + 0
2
What is 2 - 8 - (-1 - 1) - -10?
6
(7 - (9 - 8)) + 0
6
Evaluate 6 - (-10 - (-12 + 0)).
4
(-3 - 4) + (8 - 3)
-2
What is -4 + (4 - 4 - -9)?
5
What is 1 + -5 + (-1 - -4) - 1?
-2
What is -7 - ((3 - 6) + 1)?
-5
Calculate 3 + (-3 - -4) - 4.
0
What is 0 + (-4 - (-3 + (-6 - -4)))?
1
Calculate 1 + -7 + 3 + 7 + -1.
3
What is the value of (19 - 19) + -7 + 1 + 1?
-5
Calculate -2 + (6 - (4 + -2)).
2
1 - (-1 + -2 - 3)
7
-1 - 2 - (1 + -1 + 2)
-5
Evaluate -51 + 56 + -1 + 1 + 0.
5
Calculate -3 - ((5 - 13) + 3).
2
Evaluate -8 + (3 + 19 - 10).
4
-6 - (-2 + 2 + -2)
-4
Evaluate (-9 - (-9 - -2)) + 0.
-2
Evaluate -3 - ((-2 - -11) + -16).
4
-7 + 0 + 4 - 2
-5
What is the value of (-7 - -9) + 2 + -2?
2
What is the value of 0 + (2 - -2) - (-1 - -1)?
4
What is the value of (-2 - -2) + (5 + -5 - -1)?
1
(1 - 1) + 1 + -5 + 1
-3
6 + (-12 + 13 - (3 + 0))
4
What is 1 + -3 + 21 + -19?
0
Calculate -7 - (-6 - 0 - -1).
-2
What is the value of -2 - -1 - (4 + (-9 - -3))?
1
Calculate 6 + -7 - -7 - 13.
-7
What is the value of (-5 - 0) + (23 - 24)?
-6
Evaluate -8 - -4 - -11 - 4.
3
What is the value of (-5 - -3) + (-10 + 8 - -10)?
6
What is (12 - 7) + -4 + 2?
3
What is (112 - 116) + -1 + (1 - -10)?
6
What is the value of 7 + (1 - 5) + 0?
3
What is (15 - 8) + -11 - 0?
-4
Evaluate -5 + 3 + (-4 - -8).
2
What is the value of 4 + -10 - (-9 + -4 + 8)?
-1
4 - (3 - 1) - -2
4
E